{"id":2629,"date":"2024-09-29T18:03:59","date_gmt":"2024-09-29T16:03:59","guid":{"rendered":"https:\/\/weselewsopocie.pl\/?page_id=2629"},"modified":"2025-02-13T11:32:44","modified_gmt":"2025-02-13T10:32:44","slug":"platinum-package","status":"publish","type":"page","link":"https:\/\/weselewsopocie.pl\/index.php\/en\/platinum-package\/","title":{"rendered":"Platinum Package"},"content":{"rendered":"\n<div class=\"wp-block-columns has-white-background-color has-background is-layout-flex wp-container-core-columns-is-layout-2 wp-block-columns-is-layout-flex\">\n<div class=\"wp-block-column is-layout-flow wp-block-column-is-layout-flow\">\n<div class=\"wp-block-columns has-white-background-color has-background is-layout-flex wp-container-core-columns-is-layout-1 wp-block-columns-is-layout-flex\">\n<div class=\"wp-block-column is-layout-flow wp-block-column-is-layout-flow\">\n<h3 class=\"wp-block-heading has-text-align-right\">380 PLN<\/h3>\n\n\n\n<h6 class=\"wp-block-heading\"><strong>Welcome drink:<\/strong><\/h6>\n\n\n\n<p>Glass of sparkling wine<\/p>\n\n\n\n<p><\/p>\n\n\n\n<p><\/p>\n\n\n\n<h6 class=\"wp-block-heading\"><strong>Served menu:<\/strong><\/h6>\n\n\n\n<p>Bread and butter<\/p>\n\n\n\n<p><\/p>\n\n\n\n<p><strong>Appetizer<\/strong><br>Slices of slow roast striploin with dried tomato pesto served with rocket salad and herb oil<\/p>\n\n\n\n<p><\/p>\n\n\n\n<p><strong>Soup<\/strong><br>Cream of roast tomato with basil mascarpone<\/p>\n\n\n\n<p><\/p>\n\n\n\n<p><strong>Main course<\/strong><br>Baked salmon steak served with potato cake with rosemary, young vegetables, lemon butter sauce<\/p>\n\n\n\n<p><\/p>\n\n\n\n<p><strong>Dessert<\/strong><br>Vanilla cheesecake, cream sauce, raspberries and mint<\/p>\n\n\n\n<div class=\"wp-block-qi-blocks-spacer qodef-block-container qodef-block-4a27e044\"><div class=\"qi-block-spacer qodef-block qodef-m\"><\/div><\/div>\n\n\n\n<blockquote class=\"wp-block-quote is-layout-flow wp-block-quote-is-layout-flow\">\n<h3 class=\"wp-block-heading\"><em>Jedzenie jest symbolem mi\u0142o\u015bci, kiedy nie wystarczaj\u0105 s\u0142owa<\/em><\/h3>\n<cite>Alan D. Wolfelt<\/cite><\/blockquote>\n\n\n\n<div class=\"wp-block-qi-blocks-spacer qodef-block-container qodef-block-85e4130d\"><div class=\"qi-block-spacer qodef-block qodef-m\"><\/div><\/div>\n\n\n\n<h6 class=\"wp-block-heading has-text-align-left\"><strong>Menu bufet<\/strong>:<\/h6>\n\n\n\n<p><\/p>\n\n\n\n<p>Appetizers<\/p>\n\n\n\n<p><\/p>\n\n\n\n<p>Young spinach salad, orange, goat\u2019s cheese and mustard dressing.<\/p>\n\n\n\n<p><\/p>\n\n\n\n<p>Marinated beef, rocket salad, parmesan and herb oil<\/p>\n\n\n\n<p><\/p>\n\n\n\n<p>Juicy pork loin, rosemary and plum chutney<\/p>\n\n\n\n<p><\/p>\n\n\n\n<p>Brandy flavored goose pate with cumberland sauce<\/p>\n\n\n\n<p><\/p>\n\n\n\n<p>Noodle salad with sun-dried tomatoes, olives, rocket salad and parmesan<\/p>\n\n\n\n<p><\/p>\n\n\n\n<p>Gravlax \u2013 salmon marinated in sea salt and fennel with sour cream<\/p>\n\n\n\n<p><\/p>\n\n\n\n<p>Fritatta z&nbsp;cukini\u0105 i&nbsp;papryk\u0105, parmezan, oliwa czosnkowa<\/p>\n\n\n\n<p><\/p>\n\n\n\n<p>FA board of local sausages and cold cuts<\/p>\n\n\n\n<p><\/p>\n\n\n\n<p>Pickles and sauces<\/p>\n\n\n\n<div class=\"wp-block-qi-blocks-spacer qodef-block-container qodef-block-05c71241\"><div class=\"qi-block-spacer qodef-block qodef-m\"><\/div><\/div>\n\n\n\n<h6 class=\"wp-block-heading has-text-align-left\"><strong>Desserts:<\/strong><\/h6>\n\n\n\n<p><\/p>\n\n\n\n<p>Traditional apple pie with cinnamon<\/p>\n\n\n\n<p><\/p>\n\n\n\n<p>Royal cheese cake<\/p>\n\n\n\n<p><\/p>\n\n\n\n<p>Chocolate tart with cherries in syrup<br>Panna cotta with fruit sauce<\/p>\n\n\n\n<p><\/p>\n\n\n\n<p>Sliced fruits<\/p>\n\n\n\n<p><\/p>\n\n\n\n<p>Sauces: vanilla, caramel, fruit<\/p>\n\n\n\n<div class=\"wp-block-qi-blocks-spacer qodef-block-container qodef-block-415fa838\"><div class=\"qi-block-spacer qodef-block qodef-m\"><\/div><\/div>\n\n\n\n<h6 class=\"wp-block-heading has-text-align-left\"><strong>Hot dish( served at night):<\/strong><\/h6>\n\n\n\n<p><\/p>\n\n\n\n<p class=\"has-text-align-left\">Baked ham served with baked potatoes, caramelized beetroot and demi glace sauce<\/p>\n\n\n\n<div class=\"wp-block-qi-blocks-spacer qodef-block-container qodef-block-8e8e929f\"><div class=\"qi-block-spacer qodef-block qodef-m\"><\/div><\/div>\n\n\n\n<h6 class=\"wp-block-heading\"><strong>Dania gor\u0105ce o 1:00:<\/strong><\/h6>\n\n\n\n<p>Red borsch served with pastry stuffed with cabbage<\/p>\n<\/div>\n\n\n\n<div class=\"wp-block-column is-layout-flow wp-block-column-is-layout-flow\">\n<div class=\"wp-block-qi-blocks-parallax-images qodef-block-container qodef-block-cc0703d3\"><div class=\"qi-block-parallax-images qodef-block qodef-m\"><div class=\"qodef-m-images\"><div class=\"qodef-e-main-image-holder\"><div class=\"qodef-e-main-image-zoom-holder\"><div class=\"qodef-e-main-image\" data-parallax-main=\"\"><img loading=\"lazy\" decoding=\"async\" width=\"768\" height=\"1024\" class=\"wp-image-2150\" src=\"http:\/\/new2024.weselewsopocie.pl\/wp-content\/uploads\/2024\/04\/gallery_g2_gallery_20211024_140416-rotated.jpg\" alt=\"\" srcset=\"https:\/\/weselewsopocie.pl\/wp-content\/uploads\/2024\/04\/gallery_g2_gallery_20211024_140416-rotated.jpg 768w, https:\/\/weselewsopocie.pl\/wp-content\/uploads\/2024\/04\/gallery_g2_gallery_20211024_140416-225x300.jpg 225w\" sizes=\"(max-width: 768px) 100vw, 768px\" \/><\/div><\/div><\/div><\/div><\/div><\/div>\n<\/div>\n<\/div>\n\n\n\n<p><\/p>\n<\/div>\n<\/div>\n","protected":false},"excerpt":{"rendered":"<p>380 PLN Welcome drink: Glass of sparkling wine Served menu: Bread and butter AppetizerSlices of slow roast striploin with dried tomato pesto served with rocket salad and herb oil SoupCream of roast tomato with basil mascarpone Main courseBaked salmon steak served with potato cake with rosemary, young vegetables, lemon butter sauce DessertVanilla cheesecake, cream sauce, [&hellip;]<\/p>\n","protected":false},"author":1,"featured_media":0,"parent":0,"menu_order":0,"comment_status":"closed","ping_status":"closed","template":"","meta":{"footnotes":""},"class_list":["post-2629","page","type-page","status-publish","hentry"],"_links":{"self":[{"href":"https:\/\/weselewsopocie.pl\/index.php\/wp-json\/wp\/v2\/pages\/2629"}],"collection":[{"href":"https:\/\/weselewsopocie.pl\/index.php\/wp-json\/wp\/v2\/pages"}],"about":[{"href":"https:\/\/weselewsopocie.pl\/index.php\/wp-json\/wp\/v2\/types\/page"}],"author":[{"embeddable":true,"href":"https:\/\/weselewsopocie.pl\/index.php\/wp-json\/wp\/v2\/users\/1"}],"replies":[{"embeddable":true,"href":"https:\/\/weselewsopocie.pl\/index.php\/wp-json\/wp\/v2\/comments?post=2629"}],"version-history":[{"count":5,"href":"https:\/\/weselewsopocie.pl\/index.php\/wp-json\/wp\/v2\/pages\/2629\/revisions"}],"predecessor-version":[{"id":2698,"href":"https:\/\/weselewsopocie.pl\/index.php\/wp-json\/wp\/v2\/pages\/2629\/revisions\/2698"}],"wp:attachment":[{"href":"https:\/\/weselewsopocie.pl\/index.php\/wp-json\/wp\/v2\/media?parent=2629"}],"curies":[{"name":"wp","href":"https:\/\/api.w.org\/{rel}","templated":true}]}}