{"id":2404,"date":"2024-05-22T19:45:25","date_gmt":"2024-05-22T17:45:25","guid":{"rendered":"http:\/\/new2024.weselewsopocie.pl\/?page_id=2404"},"modified":"2025-02-13T11:32:28","modified_gmt":"2025-02-13T10:32:28","slug":"pakiet-platynowy","status":"publish","type":"page","link":"https:\/\/weselewsopocie.pl\/index.php\/pakiet-platynowy\/","title":{"rendered":"Pakiet Platynowy"},"content":{"rendered":"\n<div class=\"wp-block-columns has-white-background-color has-background is-layout-flex wp-container-core-columns-is-layout-2 wp-block-columns-is-layout-flex\">\n<div class=\"wp-block-column is-layout-flow wp-block-column-is-layout-flow\">\n<div class=\"wp-block-columns has-white-background-color has-background is-layout-flex wp-container-core-columns-is-layout-1 wp-block-columns-is-layout-flex\">\n<div class=\"wp-block-column is-layout-flow wp-block-column-is-layout-flow\">\n<h3 class=\"wp-block-heading has-text-align-right\">380 PLN<\/h3>\n\n\n\n<h6 class=\"wp-block-heading\"><strong>Na&nbsp;pocz\u0105tek:<\/strong><\/h6>\n\n\n\n<p>Kieliszek wina musuj\u0105cego<\/p>\n\n\n\n<p><\/p>\n\n\n\n<p><\/p>\n\n\n\n<h6 class=\"wp-block-heading\"><strong>Menu serwowane:<\/strong><\/h6>\n\n\n\n<p>Pieczywo i&nbsp;mas\u0142o<\/p>\n\n\n\n<p><\/p>\n\n\n\n<p><strong>Przystawka<\/strong><br>Wolno pieczony rostbef wo\u0142owy z&nbsp;pesto z&nbsp;suszonych pomidor\u00f3w i&nbsp;papryki, rukola, oliwa zio\u0142owa<\/p>\n\n\n\n<p><\/p>\n\n\n\n<p><strong>Zupa<\/strong><br>Krem z&nbsp;pieczonego pomidora, mascarpone bazyliowe<\/p>\n\n\n\n<p><\/p>\n\n\n\n<p><strong>Danie g\u0142\u00f3wne<\/strong><br>Pieczony stek z&nbsp;\u0142ososia, ciastko ziemniaczane z&nbsp;rozmarynem, m\u0142ode warzywa, sos ma\u015blano cytrynowy<\/p>\n\n\n\n<p><\/p>\n\n\n\n<p><strong>Deser<\/strong><br>Sernik waniliowy, sos \u015bmietankowy, maliny, mi\u0119ta<\/p>\n\n\n\n<div class=\"wp-block-qi-blocks-spacer qodef-block-container qodef-block-4a27e044\"><div class=\"qi-block-spacer qodef-block qodef-m\"><\/div><\/div>\n\n\n\n<blockquote class=\"wp-block-quote is-layout-flow wp-block-quote-is-layout-flow\">\n<h3 class=\"wp-block-heading\"><em>Jedzenie jest symbolem mi\u0142o\u015bci, kiedy nie wystarczaj\u0105 s\u0142owa<\/em><\/h3>\n<cite>Alan D. Wolfelt<\/cite><\/blockquote>\n\n\n\n<div class=\"wp-block-qi-blocks-spacer qodef-block-container qodef-block-85e4130d\"><div class=\"qi-block-spacer qodef-block qodef-m\"><\/div><\/div>\n\n\n\n<h6 class=\"wp-block-heading has-text-align-left\"><strong>Menu bufet<\/strong>:<\/h6>\n\n\n\n<p><\/p>\n\n\n\n<p>Przek\u0105ski<\/p>\n\n\n\n<p><\/p>\n\n\n\n<p>Sa\u0142atka z&nbsp;m\u0142odego szpinaku, pomara\u0144cza, kozi ser i&nbsp;dresingiem musztardowym<\/p>\n\n\n\n<p><\/p>\n\n\n\n<p>Marynowana wo\u0142owina, rukola, parmezan, oliwa zio\u0142owa<\/p>\n\n\n\n<p><\/p>\n\n\n\n<p>Soczysty schab wieprzowy, rozmaryn, chutney sliwkowy<\/p>\n\n\n\n<p><\/p>\n\n\n\n<p>Pasztet z&nbsp;g\u0119siny aromatyzowany brandy z&nbsp;sosem cumberland<\/p>\n\n\n\n<p><\/p>\n\n\n\n<p>Sa\u0142atka makaronowa z&nbsp;suszonymi pomidorami, oliwki,rukola, parmezan<\/p>\n\n\n\n<p><\/p>\n\n\n\n<p>Gravlax \u2013 \u0142oso\u015b marynowany w&nbsp;soli morskiej koprze w\u0142oskim z&nbsp;kwa\u015bn\u0105 \u015bmietan\u0105<\/p>\n\n\n\n<p><\/p>\n\n\n\n<p>Fritatta z&nbsp;cukini\u0105 i&nbsp;papryk\u0105, parmezan, oliwa czosnkowa<\/p>\n\n\n\n<p><\/p>\n\n\n\n<p>Deska lokalnych kie\u0142bas i&nbsp;w\u0119dlin<\/p>\n\n\n\n<p><\/p>\n\n\n\n<p>Pikle i&nbsp;sosy<\/p>\n\n\n\n<div class=\"wp-block-qi-blocks-spacer qodef-block-container qodef-block-05c71241\"><div class=\"qi-block-spacer qodef-block qodef-m\"><\/div><\/div>\n\n\n\n<h6 class=\"wp-block-heading has-text-align-left\"><strong>Desery:<\/strong><\/h6>\n\n\n\n<p><\/p>\n\n\n\n<p>Tradycyjna szarlotka z&nbsp;cynamonem<\/p>\n\n\n\n<p><\/p>\n\n\n\n<p>Sernik kr\u00f3lewski<\/p>\n\n\n\n<p><\/p>\n\n\n\n<p>Tarta czekoladowa z&nbsp;wi\u015bniami w&nbsp;syropie<br>Panna cotta z&nbsp;sosem owocowym<\/p>\n\n\n\n<p><\/p>\n\n\n\n<p>Owoce krojone<\/p>\n\n\n\n<p><\/p>\n\n\n\n<p>Sosy: waniliowy, karmelowy, owocowy<\/p>\n\n\n\n<div class=\"wp-block-qi-blocks-spacer qodef-block-container qodef-block-415fa838\"><div class=\"qi-block-spacer qodef-block qodef-m\"><\/div><\/div>\n\n\n\n<h6 class=\"wp-block-heading has-text-align-left\"><strong>Dania gor\u0105ce o&nbsp;23:00:<\/strong><\/h6>\n\n\n\n<p><\/p>\n\n\n\n<p class=\"has-text-align-left\">Pieczona szynka podana z&nbsp;pieczonymi ziemniakami, karmelizowane buraki i&nbsp;sos demi glace<\/p>\n\n\n\n<div class=\"wp-block-qi-blocks-spacer qodef-block-container qodef-block-8e8e929f\"><div class=\"qi-block-spacer qodef-block qodef-m\"><\/div><\/div>\n\n\n\n<h6 class=\"wp-block-heading\"><strong>Dania gor\u0105ce o 1:00:<\/strong><\/h6>\n\n\n\n<p>Barszcz czerwony z&nbsp;pasztecikiem z&nbsp;kapust\u0105<\/p>\n<\/div>\n\n\n\n<div class=\"wp-block-column is-layout-flow wp-block-column-is-layout-flow\">\n<div class=\"wp-block-qi-blocks-parallax-images qodef-block-container qodef-block-cc0703d3\"><div class=\"qi-block-parallax-images qodef-block qodef-m\"><div class=\"qodef-m-images\"><div class=\"qodef-e-main-image-holder\"><div class=\"qodef-e-main-image-zoom-holder\"><div class=\"qodef-e-main-image\" data-parallax-main=\"\"><img loading=\"lazy\" decoding=\"async\" width=\"768\" height=\"1024\" class=\"wp-image-2150\" src=\"http:\/\/new2024.weselewsopocie.pl\/wp-content\/uploads\/2024\/04\/gallery_g2_gallery_20211024_140416-rotated.jpg\" alt=\"\" srcset=\"https:\/\/weselewsopocie.pl\/wp-content\/uploads\/2024\/04\/gallery_g2_gallery_20211024_140416-rotated.jpg 768w, https:\/\/weselewsopocie.pl\/wp-content\/uploads\/2024\/04\/gallery_g2_gallery_20211024_140416-225x300.jpg 225w\" sizes=\"(max-width: 768px) 100vw, 768px\" \/><\/div><\/div><\/div><\/div><\/div><\/div>\n<\/div>\n<\/div>\n\n\n\n<p><\/p>\n<\/div>\n<\/div>\n","protected":false},"excerpt":{"rendered":"<p>380 PLN Na&nbsp;pocz\u0105tek: Kieliszek wina musuj\u0105cego Menu serwowane: Pieczywo i&nbsp;mas\u0142o PrzystawkaWolno pieczony rostbef wo\u0142owy z&nbsp;pesto z&nbsp;suszonych pomidor\u00f3w i&nbsp;papryki, rukola, oliwa zio\u0142owa ZupaKrem z&nbsp;pieczonego pomidora, mascarpone bazyliowe Danie g\u0142\u00f3wnePieczony stek z&nbsp;\u0142ososia, ciastko ziemniaczane z&nbsp;rozmarynem, m\u0142ode warzywa, sos ma\u015blano cytrynowy DeserSernik waniliowy, sos \u015bmietankowy, maliny, mi\u0119ta Jedzenie jest symbolem mi\u0142o\u015bci, kiedy nie wystarczaj\u0105 s\u0142owa Menu bufet: Przek\u0105ski [&hellip;]<\/p>\n","protected":false},"author":1,"featured_media":0,"parent":0,"menu_order":0,"comment_status":"closed","ping_status":"closed","template":"","meta":{"footnotes":""},"class_list":["post-2404","page","type-page","status-publish","hentry"],"_links":{"self":[{"href":"https:\/\/weselewsopocie.pl\/index.php\/wp-json\/wp\/v2\/pages\/2404"}],"collection":[{"href":"https:\/\/weselewsopocie.pl\/index.php\/wp-json\/wp\/v2\/pages"}],"about":[{"href":"https:\/\/weselewsopocie.pl\/index.php\/wp-json\/wp\/v2\/types\/page"}],"author":[{"embeddable":true,"href":"https:\/\/weselewsopocie.pl\/index.php\/wp-json\/wp\/v2\/users\/1"}],"replies":[{"embeddable":true,"href":"https:\/\/weselewsopocie.pl\/index.php\/wp-json\/wp\/v2\/comments?post=2404"}],"version-history":[{"count":6,"href":"https:\/\/weselewsopocie.pl\/index.php\/wp-json\/wp\/v2\/pages\/2404\/revisions"}],"predecessor-version":[{"id":2696,"href":"https:\/\/weselewsopocie.pl\/index.php\/wp-json\/wp\/v2\/pages\/2404\/revisions\/2696"}],"wp:attachment":[{"href":"https:\/\/weselewsopocie.pl\/index.php\/wp-json\/wp\/v2\/media?parent=2404"}],"curies":[{"name":"wp","href":"https:\/\/api.w.org\/{rel}","templated":true}]}}